) = p**3 - 23*p**2 + 208*p - 5522. What is b(23)?
-738
Let q(g) = 2428*g - 7275. Determine q(3).
9
Let n(m) = m**3 + 25*m**2 - 97*m - 346. Calculate n(-28).
18
Let a(q) = 331167*q - 2649503. Give a(8).
-167
Let l(r) = 2*r**2 + 191*r - 48115. Calculate l(-211).
626
Let h(z) = 14*z**2 - 24*z + 163. What is h(0)?
163
Let g(t) = 194*t - 255. What is g(-1)?
-449
Let h(u) = -u**3 + 280*u**2 - 13515*u - 66. Determine h(62).
-4
Let v(f) = 934*f + 9525. Give v(-11).
-749
Let d(b) = -150*b**2 + 85036*b + 7888. What is d(567)?
-50
Let r(k) = k**2 + 1259*k + 55768. Determine r(-46).
-30
Let z(c) = -291*c**2 - 41041*c - 1602. Determine z(-141).
-192
Let g(q) = 37*q**2 + 1922*q + 13541. Calculate g(-7).
1900
Let m(a) = 122*a - 386. Give m(24).
2542
Let i(g) = -g**3 - g**2 + 872*g + 400. Give i(29).
458
Let h(l) = 4*l**2 - 7*l - 615. Give h(14).
71
Let a(c) = 216*c**2 - 14243*c - 348. Give a(66).
510
Let d(w) = -1423*w - 283180. What is d(-199)?
-3
Let h(b) = 8*b - 1502. Calculate h(46).
-1134
Let z(b) = 1551*b - 15363. Determine z(10).
147
Let t(n) = -4*n**3 - 88*n**2 + 200*n - 81. Give t(-24).
-273
Let k(n) = 6*n**3 + 87*n**2 + 407*n + 457. What is k(-2)?
-57
Let k(q) = -12*q**3 - 20*q**2 + 397*q + 792. What is k(-2)?
14
Let s(h) = 2*h**3 + 131*h**2 - 1492*h - 213. Determine s(10).
-33
Let d(j) = -3839*j + 975113. Determine d(254).
7
Let r(g) = 213*g + 32864. What is r(-157)?
-577
Let o(v) = -13528*v - 3206135. Calculate o(-237).
1
Let d(f) = 4049*f + 170056. Determine d(-42).
-2
Let q(w) = -7*w**2 - 730*w - 5569. Calculate q(-96).
-1
Let j(p) = -p**3 + 7*p**2 + 773*p + 909. What is j(32)?
45
Let y(o) = o**3 + o**2 + 22*o + 182. What is y(-8)?
-442
Let j(o) = 1013*o + 3430. What is j(-3)?
391
Let o(y) = 2*y**3 + 23*y**2 - 50*y - 76. Give o(-13).
67
Let a(w) = -11*w**2 - 57*w - 219. Calculate a(-6).
-273
Let k(t) = 12*t**3 + 5*t**2 - 685*t - 689. What is k(-1)?
-11
Let j(a) = -8*a**2 + 492*a + 274. Determine j(61).
518
Let t(h) = 433*h**2 + 7465*h + 7469. Give t(-1).
437
Let s(l) = -3*l**2 + 665*l + 7911. Give s(234).
-747
Let z(c) = -275*c + 15945. Determine z(58).
-5
Let s(i) = 4*i**3 - 389*i**2 + 2279*i - 211589. Calculate s(97).
65
Let k(d) = -6659*d + 119992. Determine k(18).
130
Let n(i) = -i**2 - 106328*i + 13413209. Determine n(126).
5
Let b(t) = 255*t - 1036. Give b(9).
1259
Let v(k) = k**2 + 248*k - 18270. Give v(59).
-157
Let n(l) = -10*l**3 + 242*l**2 - 35*l + 108. What is n(24)?
420
Let k(h) = 467*h - 39924. Determine k(85).
-229
Let x(i) = i**2 - 421*i - 17463. Calculate x(-38).
-21
Let n(m) = -49*m + 4000. Calculate n(82).
-18
Let s(c) = 2*c**3 + 6*c**2 - 257*c - 486. Determine s(-12).
6
Let u(s) = 12*s**2 + 579*s - 537. What is u(-49)?
-96
Let j(z) = 125*z + 13579. Determine j(-87).
2704
Let g(c) = -2866*c + 14153. What is g(5)?
-177
Let t(b) = -14520*b - 145189. What is t(-10)?
11
Let r(m) = -768*m + 2326. Determine r(3).
22
Let z(m) = -286*m**3 - 3149*m**2 - 32*m + 16. What is z(-11)?
5
Let f(r) = -2*r**3 - 53*r**2 - 32*r - 717. Give f(-26).
-561
Let v(g) = -77*g - 7604. Give v(-96).
-212
Let n(s) = 3370*s - 50532. Calculate n(15).
18
Let c(d) = -133*d + 16470. Give c(125).
-155
Let x(z) = -9*z**3 + 11*z**2 + 15*z - 37. Determine x(2).
-35
Let v(j) = -24*j**2 - 285*j - 449. Give v(-9).
172
Let y(o) = -1764*o + 1580541. Determine y(896).
-3
Let c(r) = -44*r - 1480. What is c(-37)?
148
Let q(i) = -5046*i + 227089. Give q(45).
19
Let u(q) = 69447*q - 13333829. Calculate u(192).
-5
Let r(k) = -k**3 + 52*k**2 + 358*k - 18397. Calculate r(52).
219
Let a(u) = 6*u**3 - 38*u**2 - 710*u + 4339. Determine a(6).
7
Let g(c) = -33842*c - 372753. Determine g(-11).
-491
Let v(i) = -1407*i**2 - 67527*i + 349. Calculate v(-48).
-83
Let j(f) = 2*f**3 + 40*f**2 - 646*f - 12724. What is j(-17)?
-8
Let s(c) = 432*c + 46388. Give s(-108).
-268
Let x(u) = 8443*u + 193903. Calculate x(-23).
-286
Let l(b) = -8117*b + 3563367. What is l(439)?
4
Let f(u) = 6*u**2 - 14859*u + 89058. Give f(6).
120
Let v(a) = -135*a + 2192. Calculate v(17).
-103
Let h(z) = -z**3 + 207*z**2 + 2428*z - 6537. Give h(218).
3
Let d(p) = -4*p**3 + 4*p**2 + 2*p + 21. What is d(-6)?
1017
Let v(w) = -15952*w + 414777. What is v(26)?
25
Let c(f) = 570981*f - 570990. Determine c(1).
-9
Let n(o) = o**2 - 373*o - 114550. Give n(-200).
50
Let m(q) = -558*q**2 - 5431*q + 73. What is m(-10)?
-1417
Let h(s) = -2*s**2 - 922*s - 105305. Determine h(-252).
31
Let k(y) = 6659*y - 33373. Give k(5).
-78
Let n(c) = -4*c**3 - 20*c**2 + 18*c + 134. Give n(-3).
8
Let y(n) = n**3 - 384*n**2 + 339*n + 16822. What is y(383)?
-30
Let p(r) = -2*r**2 - 57784*r + 2256658. Calculate p(39).
40
Let u(s) = s**2 - 318933*s - 1913659. Give u(-6).
-25
Let c(x) = -2*x**3 + 70*x**2 + 2954*x + 2759. Calculate c(60).
-1
Let c(u) = 41*u**2 + 1845*u + 5144. What is c(-42)?
-22
Let c(h) = -h**3 - 20*h**2 - 13051*h - 261026. Calculate c(-20).
-6
Let m(y) = -y**3 - 2841*y**2 - 28425*y - 325560. Give m(-2831).
5
Let a(q) = 42*q**3 + 3*q**2 - 720*q + 2178. Calculate a(3).
1179
Let p(u) = -u**3 - 65*u**2 + 21*u + 406. Give p(-65).
-959
Let o(h) = 1193*h - 79639. Determine o(67).
292
Let t(p) = 35797*p - 178419. Determine t(5).
566
Let b(h) = -27082*h + 162543. Calculate b(6).
51
Let f(i) = 4*i**2 - 284*i - 62. Determine f(65).
-1622
Let z(v) = -1906*v + 7744. Give z(4).
120
Let y(l) = -13*l**2 + 165*l - 831. Give y(7).
-313
Let h(a) = -63*a**2 - 1230*a + 587. What is h(-20)?
-13
Let x(q) = -19352*q + 9095437. Determine x(470).
-3
Let f(u) = 2565*u + 1564643. Calculate f(-610).
-7
Let m(s) = -144028*s - 1152197. Give m(-8).
27
Let k(m) = 2*m**2 - 105*m - 10524. Determine k(-51).
33
Let i(m) = -m**3 - 14*m**2 - 1468*m + 6171. Determine i(4).
11
Let n(m) = -m**2 - 513*m + 54267. Calculate n(-603).
-3
Let u(i) = 123*i - 13927. What is u(122)?
1079
Let v(q) = -14189*q + 1035742. Determine v(73).
-55
Let w(b) = 3055*b - 2196515. What is w(719)?
30
Let k(z) = 235*z**2 - 181417*z - 2328. Give k(772).
-12
Let a(r) = 125*r**2 - 1758*r + 51. Determine a(14).
-61
Let p(h) = -h**2 - 179766*h + 539305. Determine p(3).
-2
Let y(w) = -5*w**2 - 3767*w - 648690. Give y(-487).
-6
Let l(g) = -9039*g**2 - 54180*g + 339. Calculate l(-6).
15
Let b(i) = -1274977*i - 7649873. Give b(-6).
-11
Let u(k) = 48*k**2 - 386*k + 1951. What is u(5)?
1221
Let h(w) = 15*w**3 + 80*w**2 - 78*w - 97. What is h(-6)?
11
Let m(c) = -136700*c + 410104. What is m(3)?
4
Let h(k) = -27*k**2 - 246*k - 455. Calculate h(-9).
-428
Let c(f) = -76*f**2 + 12311*f + 223. Give c(162).
61
Let c(d) = -535*d - 150876. Calculate c(-282).
-6
Let m(s) = -s**2 + 86143*s - 1291919. Give m(15).
1
Let q(n) = -998*n - 41525. Calculate q(-42).
391
Let r(g) = 31*g**2 - 1397*g - 142. Determine r(45).
-232
Let l(t) = 623*t + 1706. Calculate l(-5).
-1409
Let f(t) = t**3 + 545*t**2 - 4340*t + 46460. Determine f(-553).
8
Let s(a) = -a**3 - 31*a**2 - 414*a - 2345. Calculate s(-13).
-5
Let h(p) = -59*p**2 - 616*p - 177. What is h(-8)?
975
Let y(r) = -2*r**3 + 408*r**2 - 442*r + 7328. Determine y(203).
20
Let h(l) = -274*l**2 + 3360*l + 8. Calculate h(13).
-2618
Let s(g) = g**3 - 18*g**2 - 127*g + 327. Give s(23).
51
Let f(y) = -y**3 - 115*y**2 + 2*y - 112. What is f(0)?
-112
Let f(t) = 9*t**2 - 329*t - 327. Calculate f(-1).
11
Let i(b) = 422*b**2 + 124493*b + 704. Determine i(-295).
-181
Let f(n) = -85*n**2 - 5961*n + 17794. Give f(-73).
-18
Let c(k) = -k**2 - 265*k - 12841. Determine c(-198).
425
Let v(z) = -5407*z - 54012. Calculate v(-10).
58
Let t(s) = -s**3 + 71*s**2 + 50*s + 1547. Determine t(72).
-37
Let i(w) = -2*w**2 - 163408*w + 9320750. Determine i(57).
-4
Let a(o) = -589*o - 26474. Calculate a(-45).
31
Let r(t) = 2*t**2 - 18*t - 2493. What is r(38)?
-289
Let q(v) = 13*v**2 - 8230*v - 92106. Determine q(-11).
-3
Let g(f) = 2*f**3 - 51*f**2 - 529*f - 167. Calculate g(-11).
-3181
Let k(l) = -863*l + 17087. Determine k(21).
-1036
Let b(s) = 1013*s - 20264. Calculate b(20).
-4
Let w(c) = 13*c**2 + 211*c - 2872. Calculate w(-25).
-22
Let z(b) = -121016*b - 242020. Determine z(-2).
12
Let b(z) = -4344*z - 30664. What is b(-7)?
-256
Let r(b) = 8*b**2 - 626*b - 12686. Determine r(-21).
3988
Let h(a) = -141*a**2 - 14804*a - 14806. What is h(-1)?
-143
Let m(k) = 332916*k - 1997498. Give m(6).
-2
Let p(n) =